{"id":14518,"date":"2023-03-06T09:07:35","date_gmt":"2023-03-06T09:07:35","guid":{"rendered":"https:\/\/sfatulparintilor.ro\/shop\/?post_type=product&#038;p=14518"},"modified":"2023-03-06T09:10:26","modified_gmt":"2023-03-06T09:10:26","slug":"cum-sa-fii-cu-adevarat-bine-cu-tine-in-pielea-ta-sute-de-idei-pentru-o-viata-armonioasa","status":"publish","type":"product","link":"https:\/\/sfatulparintilor.ro\/shop\/produs\/cum-sa-fii-cu-adevarat-bine-cu-tine-in-pielea-ta-sute-de-idei-pentru-o-viata-armonioasa\/","title":{"rendered":"Cum s\u0103 fii cu ADEV\u0102RAT BINE cu TINE \u00een pielea ta. Sute de idei pentru o via\u021b\u0103 armonioas\u0103"},"content":{"rendered":"","protected":false},"excerpt":{"rendered":"<p><strong>\u00cencepe chiar de azi o via\u021b\u0103 nou\u0103!<\/strong><span style=\"font-weight: 400;\"><br \/>\n<\/span><span style=\"font-weight: 400;\">Elimina toxinele, slabeste sanatos si creste-ti energia printr-un echilibru alcalin<\/span><span style=\"font-weight: 400;\"><br \/>\n<\/span><span style=\"font-weight: 400;\">Te confrunti cu problemele digestive si de reflux gastro-esofagian?<\/span><span style=\"font-weight: 400;\"><br \/>\n<\/span><span style=\"font-weight: 400;\">Nivelul sc\u0103zut de energie si oboseala cronica iti afecteaza viata personala si profesionala?<\/span><span style=\"font-weight: 400;\"><br \/>\n<\/span><span style=\"font-weight: 400;\">Po\u021bi afla acum Cum s\u0103 fii cu ADEV\u0102RAT BINE cu TINE \u00een pielea ta, \u00eencerc\u00e2nd dieta alcalin\u0103. Stilul de via\u021b\u0103 s\u0103n\u0103tos \u00ee\u021bi aduce energie, po\u021bi da jos kilogramele \u00een plus \u00een mod natural \u0219i \u021bii bolile departe.\u00a0<\/span><\/p>\n<p><span style=\"font-weight: 400;\">Solu\u021bia problemelor tale se nume\u0219te echilibrul acid-alcalin din corp.<\/span><\/p>\n<p><strong>Afl\u0103:<\/strong><\/p>\n<p><span style=\"font-weight: 400;\">&#8211; care sunt alimente care, consumate \u00een mod regulat, pot afecta negativ echilibrul organismului, acesta fiind un mediu preponderent alcalin;<\/span><\/p>\n<p><span style=\"font-weight: 400;\">&#8211; c\u0103 po\u021bi deregla balan\u021b\u0103 pH a corpului dac\u0103 apelezi la un consum de alimente preponderent acide, deci opusul celor alcaline;<\/span><\/p>\n<p><span style=\"font-weight: 400;\">&#8211; c\u0103 \u00een urm\u0103 acestui dezechilibru pot ap\u0103rea oboseal\u0103, \u00eengr\u0103\u0219area, boli de inima, artrit\u0103, cancer, diabet \u0219i zeci de alte denumiri care populeaz\u0103 lumea medical\u0103.<\/span><\/p>\n<p><strong>Acest ghid este pentru tine dac\u0103:<\/strong><\/p>\n<p><span style=\"font-weight: 400;\">&#8211; te afli \u00een mijlocul unei probleme de s\u0103n\u0103tate&#8230; \u00cen special migrene, hiperaciditate, probleme digestive, probleme de coloana vertebral\u0103, \u00eemboln\u0103viri dese prin infec\u021bii datorit\u0103 variilor bacterii (candida \u0219i nu numai) \u0219i viru\u0219i care te \u00eenconjoar\u0103 de parc\u0103 ai fi un magnet pentru ele&#8230;<\/span><\/p>\n<p><span style=\"font-weight: 400;\">&#8211; e\u0219ti predispus\u0103 la chisturi la s\u00e2ni \u0219i ovariene<\/span><\/p>\n<p><span style=\"font-weight: 400;\">&#8211; dac\u0103 ai kilograme \u00een exces&#8230;<\/span><\/p>\n<p><span style=\"font-weight: 400;\">&#8211; dac\u0103 te sim\u021bi obosit, vl\u0103guit \u0219i lipsit de energie, tr\u0103g\u00e2nd de \u021bine zi dup\u0103 zi&#8230;<\/span><\/p>\n<p><span style=\"font-weight: 400;\">&#8211; dac\u0103 e\u0219ti o persoan\u0103 prev\u0103z\u0103toare cu privire la s\u0103n\u0103tatea s\u0103 \u0219i a familiei sale&#8230;<\/span><\/p>\n<p><span style=\"font-weight: 400;\"><br \/>\n<\/span><strong>Celebrul Anthony Robbins spunea: &#8222;Alcalinizeaz\u0103-\u021bi corpul dac\u0103 vrei s\u0103 tr\u0103ie\u0219ti o via\u021b\u0103 s\u0103n\u0103toas\u0103, plin\u0103 de energie \u0219i nu \u00een ultimul r\u00e2nd mai plin\u0103 de \u00eemplinirile la care visezi. C\u00e2nd \u00ee\u021bi vei schimb\u0103 vechile obi\u0219nuin\u021be de alimenta\u021bie, vei reg\u0103\u0219i adev\u0103ratul TU pe care l-ai acoperit \u00een mun\u021bi de m\u00e2ncare acid\u0103&#8221;.<\/strong><\/p>\n<p><span style=\"font-weight: 400;\">Cu alte cuvinte, dac\u0103 \u00ee\u021bi dore\u0219ti s\u0103 fii s\u0103n\u0103tos, s\u0103 tr\u0103ie\u0219ti mult, s\u0103 te \u00eemboln\u0103ve\u0219ti rar, s\u0103 nu te mai sim\u021bi obosit, irascibil, f\u0103r\u0103 vlag\u0103 \u0219i s\u0103 ai antioxidan\u021bi naturali \u00een corp, deci s\u0103 intarzii \u00eemb\u0103tr\u00e2nirea \u0219i moartea celulelor corpului t\u0103u trebuie s\u0103 parcurgi informa\u021biile din ghidul e-book Cum s\u0103 fii cu ADEV\u0102RAT BINE cu TINE \u00een pielea ta.<\/span><\/p>\n<p><span style=\"color: red;\"><strong>Ghidul se livreaza in format electronic, pe e-mail (Atentie! Nu este in format tiparit)<\/strong><\/span><\/p>\n","protected":false},"featured_media":14519,"comment_status":"open","ping_status":"closed","template":"","meta":[],"product_cat":[32],"product_tag":[],"class_list":["post-14518","product","type-product","status-publish","has-post-thumbnail","hentry","product_cat-ghiduri"],"yoast_head":"<!-- This site is optimized with the Yoast SEO plugin v19.6 - https:\/\/yoast.com\/wordpress\/plugins\/seo\/ -->\n<title>Cum s\u0103 fii cu ADEV\u0102RAT BINE cu TINE \u00een pielea ta. Sute de idei pentru o via\u021b\u0103 armonioas\u0103 - Sfatul Shop<\/title>\n<meta name=\"robots\" content=\"index, follow, max-snippet:-1, max-image-preview:large, max-video-preview:-1\" \/>\n<link rel=\"canonical\" href=\"https:\/\/sfatulparintilor.ro\/shop\/produs\/cum-sa-fii-cu-adevarat-bine-cu-tine-in-pielea-ta-sute-de-idei-pentru-o-viata-armonioasa\/\" \/>\n<meta property=\"og:locale\" content=\"ro_RO\" \/>\n<meta property=\"og:type\" content=\"article\" \/>\n<meta property=\"og:title\" content=\"Cum s\u0103 fii cu ADEV\u0102RAT BINE cu TINE \u00een pielea ta. Sute de idei pentru o via\u021b\u0103 armonioas\u0103 - Sfatul Shop\" \/>\n<meta property=\"og:description\" content=\"\u00cencepe chiar de azi o via\u021b\u0103 nou\u0103! Elimina toxinele, slabeste sanatos si creste-ti energia printr-un echilibru alcalin Te confrunti cu problemele digestive si de reflux gastro-esofagian? Nivelul sc\u0103zut de energie si oboseala cronica iti afecteaza viata personala si profesionala? Po\u021bi afla acum Cum s\u0103 fii cu ADEV\u0102RAT BINE cu TINE \u00een pielea ta, \u00eencerc\u00e2nd dieta alcalin\u0103. Stilul de via\u021b\u0103 s\u0103n\u0103tos \u00ee\u021bi aduce energie, po\u021bi da jos kilogramele \u00een plus \u00een mod natural \u0219i \u021bii bolile departe.\u00a0  Solu\u021bia problemelor tale se nume\u0219te echilibrul acid-alcalin din corp.  Afl\u0103:  - care sunt alimente care, consumate \u00een mod regulat, pot afecta negativ echilibrul organismului, acesta fiind un mediu preponderent alcalin;  - c\u0103 po\u021bi deregla balan\u021b\u0103 pH a corpului dac\u0103 apelezi la un consum de alimente preponderent acide, deci opusul celor alcaline;  - c\u0103 \u00een urm\u0103 acestui dezechilibru pot ap\u0103rea oboseal\u0103, \u00eengr\u0103\u0219area, boli de inima, artrit\u0103, cancer, diabet \u0219i zeci de alte denumiri care populeaz\u0103 lumea medical\u0103.  Acest ghid este pentru tine dac\u0103:  - te afli \u00een mijlocul unei probleme de s\u0103n\u0103tate... \u00cen special migrene, hiperaciditate, probleme digestive, probleme de coloana vertebral\u0103, \u00eemboln\u0103viri dese prin infec\u021bii datorit\u0103 variilor bacterii (candida \u0219i nu numai) \u0219i viru\u0219i care te \u00eenconjoar\u0103 de parc\u0103 ai fi un magnet pentru ele...  - e\u0219ti predispus\u0103 la chisturi la s\u00e2ni \u0219i ovariene  - dac\u0103 ai kilograme \u00een exces...  - dac\u0103 te sim\u021bi obosit, vl\u0103guit \u0219i lipsit de energie, tr\u0103g\u00e2nd de \u021bine zi dup\u0103 zi...  - dac\u0103 e\u0219ti o persoan\u0103 prev\u0103z\u0103toare cu privire la s\u0103n\u0103tatea s\u0103 \u0219i a familiei sale...   Celebrul Anthony Robbins spunea: &quot;Alcalinizeaz\u0103-\u021bi corpul dac\u0103 vrei s\u0103 tr\u0103ie\u0219ti o via\u021b\u0103 s\u0103n\u0103toas\u0103, plin\u0103 de energie \u0219i nu \u00een ultimul r\u00e2nd mai plin\u0103 de \u00eemplinirile la care visezi. C\u00e2nd \u00ee\u021bi vei schimb\u0103 vechile obi\u0219nuin\u021be de alimenta\u021bie, vei reg\u0103\u0219i adev\u0103ratul TU pe care l-ai acoperit \u00een mun\u021bi de m\u00e2ncare acid\u0103&quot;.  Cu alte cuvinte, dac\u0103 \u00ee\u021bi dore\u0219ti s\u0103 fii s\u0103n\u0103tos, s\u0103 tr\u0103ie\u0219ti mult, s\u0103 te \u00eemboln\u0103ve\u0219ti rar, s\u0103 nu te mai sim\u021bi obosit, irascibil, f\u0103r\u0103 vlag\u0103 \u0219i s\u0103 ai antioxidan\u021bi naturali \u00een corp, deci s\u0103 intarzii \u00eemb\u0103tr\u00e2nirea \u0219i moartea celulelor corpului t\u0103u trebuie s\u0103 parcurgi informa\u021biile din ghidul e-book Cum s\u0103 fii cu ADEV\u0102RAT BINE cu TINE \u00een pielea ta.  Ghidul se livreaza in format electronic, pe e-mail (Atentie! Nu este in format tiparit)\" \/>\n<meta property=\"og:url\" content=\"https:\/\/sfatulparintilor.ro\/shop\/produs\/cum-sa-fii-cu-adevarat-bine-cu-tine-in-pielea-ta-sute-de-idei-pentru-o-viata-armonioasa\/\" \/>\n<meta property=\"og:site_name\" content=\"Sfatul Shop\" \/>\n<meta property=\"article:modified_time\" content=\"2023-03-06T09:10:26+00:00\" \/>\n<meta property=\"og:image\" content=\"https:\/\/sfatulparintilor.ro\/shop\/wp-content\/uploads\/2023\/03\/cover-ghid.jpg\" \/>\n\t<meta property=\"og:image:width\" content=\"1024\" \/>\n\t<meta property=\"og:image:height\" content=\"768\" \/>\n\t<meta property=\"og:image:type\" content=\"image\/jpeg\" \/>\n<meta name=\"twitter:card\" content=\"summary_large_image\" \/>\n<script type=\"application\/ld+json\" class=\"yoast-schema-graph\">{\"@context\":\"https:\/\/schema.org\",\"@graph\":[{\"@type\":\"WebPage\",\"@id\":\"https:\/\/sfatulparintilor.ro\/shop\/produs\/cum-sa-fii-cu-adevarat-bine-cu-tine-in-pielea-ta-sute-de-idei-pentru-o-viata-armonioasa\/\",\"url\":\"https:\/\/sfatulparintilor.ro\/shop\/produs\/cum-sa-fii-cu-adevarat-bine-cu-tine-in-pielea-ta-sute-de-idei-pentru-o-viata-armonioasa\/\",\"name\":\"Cum s\u0103 fii cu ADEV\u0102RAT BINE cu TINE \u00een pielea ta. Sute de idei pentru o via\u021b\u0103 armonioas\u0103 - Sfatul Shop\",\"isPartOf\":{\"@id\":\"https:\/\/sfatulparintilor.ro\/shop\/#website\"},\"datePublished\":\"2023-03-06T09:07:35+00:00\",\"dateModified\":\"2023-03-06T09:10:26+00:00\",\"breadcrumb\":{\"@id\":\"https:\/\/sfatulparintilor.ro\/shop\/produs\/cum-sa-fii-cu-adevarat-bine-cu-tine-in-pielea-ta-sute-de-idei-pentru-o-viata-armonioasa\/#breadcrumb\"},\"inLanguage\":\"ro-RO\",\"potentialAction\":[{\"@type\":\"ReadAction\",\"target\":[\"https:\/\/sfatulparintilor.ro\/shop\/produs\/cum-sa-fii-cu-adevarat-bine-cu-tine-in-pielea-ta-sute-de-idei-pentru-o-viata-armonioasa\/\"]}]},{\"@type\":\"BreadcrumbList\",\"@id\":\"https:\/\/sfatulparintilor.ro\/shop\/produs\/cum-sa-fii-cu-adevarat-bine-cu-tine-in-pielea-ta-sute-de-idei-pentru-o-viata-armonioasa\/#breadcrumb\",\"itemListElement\":[{\"@type\":\"ListItem\",\"position\":1,\"name\":\"Sfatul Shop\",\"item\":\"https:\/\/sfatulparintilor.ro\/shop\/\"},{\"@type\":\"ListItem\",\"position\":2,\"name\":\"Shop\",\"item\":\"https:\/\/sfatulparintilor.ro\/shop\/shop\/\"},{\"@type\":\"ListItem\",\"position\":3,\"name\":\"Cum s\u0103 fii cu ADEV\u0102RAT BINE cu TINE \u00een pielea ta. Sute de idei pentru o via\u021b\u0103 armonioas\u0103\"}]},{\"@type\":\"WebSite\",\"@id\":\"https:\/\/sfatulparintilor.ro\/shop\/#website\",\"url\":\"https:\/\/sfatulparintilor.ro\/shop\/\",\"name\":\"Sfatul Shop\",\"description\":\"\",\"potentialAction\":[{\"@type\":\"SearchAction\",\"target\":{\"@type\":\"EntryPoint\",\"urlTemplate\":\"https:\/\/sfatulparintilor.ro\/shop\/?s={search_term_string}\"},\"query-input\":\"required name=search_term_string\"}],\"inLanguage\":\"ro-RO\"}]}<\/script>\n<!-- \/ Yoast SEO plugin. -->","yoast_head_json":{"title":"Cum s\u0103 fii cu ADEV\u0102RAT BINE cu TINE \u00een pielea ta. Sute de idei pentru o via\u021b\u0103 armonioas\u0103 - Sfatul Shop","robots":{"index":"index","follow":"follow","max-snippet":"max-snippet:-1","max-image-preview":"max-image-preview:large","max-video-preview":"max-video-preview:-1"},"canonical":"https:\/\/sfatulparintilor.ro\/shop\/produs\/cum-sa-fii-cu-adevarat-bine-cu-tine-in-pielea-ta-sute-de-idei-pentru-o-viata-armonioasa\/","og_locale":"ro_RO","og_type":"article","og_title":"Cum s\u0103 fii cu ADEV\u0102RAT BINE cu TINE \u00een pielea ta. Sute de idei pentru o via\u021b\u0103 armonioas\u0103 - Sfatul Shop","og_description":"\u00cencepe chiar de azi o via\u021b\u0103 nou\u0103! Elimina toxinele, slabeste sanatos si creste-ti energia printr-un echilibru alcalin Te confrunti cu problemele digestive si de reflux gastro-esofagian? Nivelul sc\u0103zut de energie si oboseala cronica iti afecteaza viata personala si profesionala? Po\u021bi afla acum Cum s\u0103 fii cu ADEV\u0102RAT BINE cu TINE \u00een pielea ta, \u00eencerc\u00e2nd dieta alcalin\u0103. Stilul de via\u021b\u0103 s\u0103n\u0103tos \u00ee\u021bi aduce energie, po\u021bi da jos kilogramele \u00een plus \u00een mod natural \u0219i \u021bii bolile departe.\u00a0  Solu\u021bia problemelor tale se nume\u0219te echilibrul acid-alcalin din corp.  Afl\u0103:  - care sunt alimente care, consumate \u00een mod regulat, pot afecta negativ echilibrul organismului, acesta fiind un mediu preponderent alcalin;  - c\u0103 po\u021bi deregla balan\u021b\u0103 pH a corpului dac\u0103 apelezi la un consum de alimente preponderent acide, deci opusul celor alcaline;  - c\u0103 \u00een urm\u0103 acestui dezechilibru pot ap\u0103rea oboseal\u0103, \u00eengr\u0103\u0219area, boli de inima, artrit\u0103, cancer, diabet \u0219i zeci de alte denumiri care populeaz\u0103 lumea medical\u0103.  Acest ghid este pentru tine dac\u0103:  - te afli \u00een mijlocul unei probleme de s\u0103n\u0103tate... \u00cen special migrene, hiperaciditate, probleme digestive, probleme de coloana vertebral\u0103, \u00eemboln\u0103viri dese prin infec\u021bii datorit\u0103 variilor bacterii (candida \u0219i nu numai) \u0219i viru\u0219i care te \u00eenconjoar\u0103 de parc\u0103 ai fi un magnet pentru ele...  - e\u0219ti predispus\u0103 la chisturi la s\u00e2ni \u0219i ovariene  - dac\u0103 ai kilograme \u00een exces...  - dac\u0103 te sim\u021bi obosit, vl\u0103guit \u0219i lipsit de energie, tr\u0103g\u00e2nd de \u021bine zi dup\u0103 zi...  - dac\u0103 e\u0219ti o persoan\u0103 prev\u0103z\u0103toare cu privire la s\u0103n\u0103tatea s\u0103 \u0219i a familiei sale...   Celebrul Anthony Robbins spunea: \"Alcalinizeaz\u0103-\u021bi corpul dac\u0103 vrei s\u0103 tr\u0103ie\u0219ti o via\u021b\u0103 s\u0103n\u0103toas\u0103, plin\u0103 de energie \u0219i nu \u00een ultimul r\u00e2nd mai plin\u0103 de \u00eemplinirile la care visezi. C\u00e2nd \u00ee\u021bi vei schimb\u0103 vechile obi\u0219nuin\u021be de alimenta\u021bie, vei reg\u0103\u0219i adev\u0103ratul TU pe care l-ai acoperit \u00een mun\u021bi de m\u00e2ncare acid\u0103\".  Cu alte cuvinte, dac\u0103 \u00ee\u021bi dore\u0219ti s\u0103 fii s\u0103n\u0103tos, s\u0103 tr\u0103ie\u0219ti mult, s\u0103 te \u00eemboln\u0103ve\u0219ti rar, s\u0103 nu te mai sim\u021bi obosit, irascibil, f\u0103r\u0103 vlag\u0103 \u0219i s\u0103 ai antioxidan\u021bi naturali \u00een corp, deci s\u0103 intarzii \u00eemb\u0103tr\u00e2nirea \u0219i moartea celulelor corpului t\u0103u trebuie s\u0103 parcurgi informa\u021biile din ghidul e-book Cum s\u0103 fii cu ADEV\u0102RAT BINE cu TINE \u00een pielea ta.  Ghidul se livreaza in format electronic, pe e-mail (Atentie! Nu este in format tiparit)","og_url":"https:\/\/sfatulparintilor.ro\/shop\/produs\/cum-sa-fii-cu-adevarat-bine-cu-tine-in-pielea-ta-sute-de-idei-pentru-o-viata-armonioasa\/","og_site_name":"Sfatul Shop","article_modified_time":"2023-03-06T09:10:26+00:00","og_image":[{"width":1024,"height":768,"url":"https:\/\/sfatulparintilor.ro\/shop\/wp-content\/uploads\/2023\/03\/cover-ghid.jpg","type":"image\/jpeg"}],"twitter_card":"summary_large_image","schema":{"@context":"https:\/\/schema.org","@graph":[{"@type":"WebPage","@id":"https:\/\/sfatulparintilor.ro\/shop\/produs\/cum-sa-fii-cu-adevarat-bine-cu-tine-in-pielea-ta-sute-de-idei-pentru-o-viata-armonioasa\/","url":"https:\/\/sfatulparintilor.ro\/shop\/produs\/cum-sa-fii-cu-adevarat-bine-cu-tine-in-pielea-ta-sute-de-idei-pentru-o-viata-armonioasa\/","name":"Cum s\u0103 fii cu ADEV\u0102RAT BINE cu TINE \u00een pielea ta. Sute de idei pentru o via\u021b\u0103 armonioas\u0103 - Sfatul Shop","isPartOf":{"@id":"https:\/\/sfatulparintilor.ro\/shop\/#website"},"datePublished":"2023-03-06T09:07:35+00:00","dateModified":"2023-03-06T09:10:26+00:00","breadcrumb":{"@id":"https:\/\/sfatulparintilor.ro\/shop\/produs\/cum-sa-fii-cu-adevarat-bine-cu-tine-in-pielea-ta-sute-de-idei-pentru-o-viata-armonioasa\/#breadcrumb"},"inLanguage":"ro-RO","potentialAction":[{"@type":"ReadAction","target":["https:\/\/sfatulparintilor.ro\/shop\/produs\/cum-sa-fii-cu-adevarat-bine-cu-tine-in-pielea-ta-sute-de-idei-pentru-o-viata-armonioasa\/"]}]},{"@type":"BreadcrumbList","@id":"https:\/\/sfatulparintilor.ro\/shop\/produs\/cum-sa-fii-cu-adevarat-bine-cu-tine-in-pielea-ta-sute-de-idei-pentru-o-viata-armonioasa\/#breadcrumb","itemListElement":[{"@type":"ListItem","position":1,"name":"Sfatul Shop","item":"https:\/\/sfatulparintilor.ro\/shop\/"},{"@type":"ListItem","position":2,"name":"Shop","item":"https:\/\/sfatulparintilor.ro\/shop\/shop\/"},{"@type":"ListItem","position":3,"name":"Cum s\u0103 fii cu ADEV\u0102RAT BINE cu TINE \u00een pielea ta. Sute de idei pentru o via\u021b\u0103 armonioas\u0103"}]},{"@type":"WebSite","@id":"https:\/\/sfatulparintilor.ro\/shop\/#website","url":"https:\/\/sfatulparintilor.ro\/shop\/","name":"Sfatul Shop","description":"","potentialAction":[{"@type":"SearchAction","target":{"@type":"EntryPoint","urlTemplate":"https:\/\/sfatulparintilor.ro\/shop\/?s={search_term_string}"},"query-input":"required name=search_term_string"}],"inLanguage":"ro-RO"}]}},"_links":{"self":[{"href":"https:\/\/sfatulparintilor.ro\/shop\/wp-json\/wp\/v2\/product\/14518","targetHints":{"allow":["GET"]}}],"collection":[{"href":"https:\/\/sfatulparintilor.ro\/shop\/wp-json\/wp\/v2\/product"}],"about":[{"href":"https:\/\/sfatulparintilor.ro\/shop\/wp-json\/wp\/v2\/types\/product"}],"replies":[{"embeddable":true,"href":"https:\/\/sfatulparintilor.ro\/shop\/wp-json\/wp\/v2\/comments?post=14518"}],"wp:featuredmedia":[{"embeddable":true,"href":"https:\/\/sfatulparintilor.ro\/shop\/wp-json\/wp\/v2\/media\/14519"}],"wp:attachment":[{"href":"https:\/\/sfatulparintilor.ro\/shop\/wp-json\/wp\/v2\/media?parent=14518"}],"wp:term":[{"taxonomy":"product_cat","embeddable":true,"href":"https:\/\/sfatulparintilor.ro\/shop\/wp-json\/wp\/v2\/product_cat?post=14518"},{"taxonomy":"product_tag","embeddable":true,"href":"https:\/\/sfatulparintilor.ro\/shop\/wp-json\/wp\/v2\/product_tag?post=14518"}],"curies":[{"name":"wp","href":"https:\/\/api.w.org\/{rel}","templated":true}]}}